t is the remainder when 68570 is divided by 171?
170
Calculate the remainder when 2110 is divided by 1002.
106
What is the remainder when 1798 is divided by 1685?
113
Calculate the remainder when 1474174 is divided by 147416.
14
Calculate the remainder when 5056 is divided by 58.
10
What is the remainder when 13926 is divided by 294?
108
Calculate the remainder when 2181 is divided by 436.
1
Calculate the remainder when 3103 is divided by 2943.
160
Calculate the remainder when 5058 is divided by 279.
36
Calculate the remainder when 14232 is divided by 1581.
3
Calculate the remainder when 10799 is divided by 10760.
39
Calculate the remainder when 7665 is divided by 153.
15
What is the remainder when 6148 is divided by 517?
461
Calculate the remainder when 151197 is divided by 50313.
258
Calculate the remainder when 11298 is divided by 626.
30
Calculate the remainder when 116731 is divided by 213.
7
What is the remainder when 8326 is divided by 4162?
2
What is the remainder when 14682 is divided by 36?
30
Calculate the remainder when 55091 is divided by 338.
335
Calculate the remainder when 1609 is divided by 88.
25
What is the remainder when 27700 is divided by 14?
8
What is the remainder when 22075 is divided by 7339?
58
Calculate the remainder when 15727 is divided by 5212.
91
Calculate the remainder when 6392 is divided by 73.
41
What is the remainder when 126015 is divided by 840?
15
Calculate the remainder when 590 is divided by 349.
241
Calculate the remainder when 73030 is divided by 7302.
10
Calculate the remainder when 24111 is divided by 271.
263
Calculate the remainder when 32933 is divided by 60.
53
Calculate the remainder when 89324 is divided by 225.
224
Calculate the remainder when 206751 is divided by 68908.
27
What is the remainder when 4446 is divided by 1475?
21
Calculate the remainder when 243 is divided by 241.
2
Calculate the remainder when 3725 is divided by 1862.
1
What is the remainder when 367832 is divided by 353?
6
Calculate the remainder when 4033 is divided by 162.
145
Calculate the remainder when 62862 is divided by 53.
4
Calculate the remainder when 94389 is divided by 11.
9
Calculate the remainder when 1972 is divided by 40.
12
Calculate the remainder when 38084 is divided by 7.
4
Calculate the remainder when 2675 is divided by 85.
40
Calculate the remainder when 8462 is divided by 388.
314
What is the remainder when 10989 is divided by 30?
9
Calculate the remainder when 3951 is divided by 38.
37
What is the remainder when 98988 is divided by 396?
384
Calculate the remainder when 7091 is divided by 173.
171
What is the remainder when 111915 is divided by 15980?
55
Calculate the remainder when 4903 is divided by 1222.
15
What is the remainder when 25362 is divided by 62?
4
Calculate the remainder when 40707 is divided by 107.
47
What is the remainder when 114634 is divided by 4409?
0
What is the remainder when 6460 is divided by 107?
40
What is the remainder when 6240 is divided by 700?
640
Calculate the remainder when 132071 is divided by 530.
101
What is the remainder when 35688 is divided by 2?
0
Calculate the remainder when 1343825 is divided by 61.
56
Calculate the remainder when 8810 is divided by 80.
10
Calculate the remainder when 5744 is divided by 425.
219
What is the remainder when 181866 is divided by 376?
258
What is the remainder when 73102 is divided by 9137?
6
Calculate the remainder when 357993 is divided by 179.
172
What is the remainder when 6841 is divided by 2995?
851
What is the remainder when 35661 is divided by 58?
49
What is the remainder when 13192 is divided by 660?
652
What is the remainder when 25183 is divided by 2285?
48
What is the remainder when 216351 is divided by 72115?
6
Calculate the remainder when 39222 is divided by 13074.
0
What is the remainder when 870 is divided by 739?
131
Calculate the remainder when 730330 is divided by 182580.
10
What is the remainder when 227766 is divided by 71?
69
Calculate the remainder when 578487 is divided by 8.
7
Calculate the remainder when 896 is divided by 407.
82
What is the remainder when 71301 is divided by 35646?
9
What is the remainder when 661 is divided by 661?
0
Calculate the remainder when 23500 is divided by 1111.
169
What is the remainder when 11822 is divided by 965?
242
Calculate the remainder when 87848 is divided by 43910.
28
What is the remainder when 5816 is divided by 194?
190
Calculate the remainder when 5757 is divided by 5468.
289
What is the remainder when 68025 is divided by 146?
135
Calculate the remainder when 967653 is divided by 241909.
17
What is the remainder when 169 is divided by 91?
78
Calculate the remainder when 48401 is divided by 264.
89
What is the remainder when 2320190 is divided by 32?
30
Calculate the remainder when 2269 is divided by 321.
22
What is the remainder when 244005 is divided by 14?
13
What is the remainder when 11761 is divided by 346?
343
What is the remainder when 314558 is divided by 38?
32
What is the remainder when 7725 is divided by 7688?
37
Calculate the remainder when 1709 is divided by 790.
129
Calculate the remainder when 122103 is divided by 35.
23
What is the remainder when 7850 is divided by 78?
50
What is the remainder when 150322 is divided by 25?
22
Calculate the remainder when 180158 is divided by 13856.
30
Calculate the remainder when 13895830 is divided by 1164.
1162
What is the remainder when 2314 is divided by 70?
4
Calculate the remainder when 1265294 is divided by 35147.
2
What is the remainder when 95690 is divided by 13670?
0
Calculate the remainder when 770 is divided by 238.
56
Calculate the remainder when 95168 is divided by 206.
202
What is the remainder when 44995 is divided by 11?
5
Calculate the remainder when 706374 is divided by 151.
147
What is the remainder when 9272 is divided by 1155?
32
Calculate the remainder when 227813 is divided by 45562.
3
What is the remainder when 171628 is divided by 77?
72
Calculate the remainder when 47667 is divided by 5268.
255
What is the remainder when 4017 is divided by 520?
377
What is the remainder when 40403 is divided by 105?
83
What is the remainder when 4706 is divided by 1554?
44
Calculate the remainder when 631 is divided by 31.
11
What is the remainder when 257993 is divided by 187?
120
What is the remainder when 2385 is divided by 463?
70
What is the remainder when 36857 is divided by 88?
73
What is the remainder when 9379 is divided by 48?
19
What is the remainder when 624269 is divided by 86?
81
Calculate the remainder when 8895 is divided by 2955.
30
Calculate the remainder when 304700 is divided by 12695.
20
What is the remainder when 2277 is divided by 378?
9
Calculate the remainder when 33653 is divided by 28.
25
What is the remainder when 10505 is divided by 76?
17
What is the remainder when 97951 is divided by 38?
25
What is the remainder when 12593 is divided by 1255?
43
What is the remainder when 1477 is divided by 62?
51
Calculate the remainder when 3459628 is divided by 16.
12
What is the remainder when 196509 is divided by 524?
9
What is the remainder when 22940 is divided by 11465?
10
What is the remainder when 77645 is divided by 184?
181
Calculate the remainder when 45002 is divided by 22485.
32
Calculate the remainder when 935 is divided by 466.
3
Calculate the remainder when 2074 is divided by 27.
22
What is the remainder when 4043 is divided by 170?
133
What is the remainder when 7839 is divided by 842?
261
What is the remainder when 80899 is divided by 55?
49
Calculate the remainder when 15130 is divided by 639.
433
Calculate the remainder when 25509 is divided by 1108.
25
What is the remainder when 1549 is divided by 801?
748
Calculate the remainder when 500243 is divided by 10.
3
Calculate the remainder when 128704 is divided by 13.
4
What is the remainder when 157303 is divided by 7865?
3
What is the remainder when 1363448 is divided by 2760?
8
What is the remainder when 172651 is divided by 89?
80
What is the remainder when 128573 is divided by 32?
29
What is the remainder when 4819 is divided by 66?
1
What is the remainder when 16293 is divided by 16273?
20
What is the remainder when 16092 is divided by 1785?
27
What is the remainder when 13006 is divided by 621?
586
What is th